ds digit of 267258065?
0
What is the hundred millions digit of 478035717?
4
What is the thousands digit of 1926094319?
4
What is the ten thousands digit of 1040846652?
4
What is the tens digit of 663564399?
9
What is the ten millions digit of 56709443?
5
What is the ten thousands digit of 69281986?
8
What is the hundred thousands digit of 193120731?
1
What is the hundred millions digit of 707286584?
7
What is the hundred millions digit of 448829383?
4
What is the ten millions digit of 387474291?
8
What is the millions digit of 42795050?
2
What is the hundred millions digit of 192409305?
1
What is the ten thousands digit of 738829100?
2
What is the thousands digit of 632437565?
7
What is the hundreds digit of 98654657?
6
What is the thousands digit of 314660305?
0
What is the millions digit of 31884690?
1
What is the units digit of 6238216825?
5
What is the ten millions digit of 586107520?
8
What is the units digit of 6211819061?
1
What is the units digit of 154405012?
2
What is the thousands digit of 33236244?
6
What is the hundred thousands digit of 217180510?
1
What is the millions digit of 279614539?
9
What is the hundreds digit of 17453792?
7
What is the thousands digit of 1903122353?
2
What is the hundreds digit of 4250338627?
6
What is the hundred thousands digit of 2035207888?
2
What is the hundred thousands digit of 64779540?
7
What is the tens digit of 3248229198?
9
What is the ten millions digit of 2535420849?
3
What is the hundred thousands digit of 54032223?
0
What is the ten thousands digit of 7868773?
6
What is the hundred thousands digit of 1340580400?
5
What is the thousands digit of 26540786?
0
What is the ten millions digit of 52875308?
5
What is the hundreds digit of 1450989090?
0
What is the units digit of 3654861559?
9
What is the units digit of 83324527?
7
What is the billions digit of 2160907795?
2
What is the millions digit of 765976183?
5
What is the tens digit of 1184850480?
8
What is the ten thousands digit of 24826968?
2
What is the tens digit of 168799849?
4
What is the tens digit of 27186806?
0
What is the millions digit of 1587817?
1
What is the thousands digit of 455782033?
2
What is the units digit of 39053938?
8
What is the hundreds digit of 2848201516?
5
What is the thousands digit of 1350096058?
6
What is the hundred millions digit of 169334721?
1
What is the ten thousands digit of 3152416726?
1
What is the ten thousands digit of 1331280849?
8
What is the tens digit of 57262245?
4
What is the hundred thousands digit of 186925011?
9
What is the thousands digit of 974447195?
7
What is the hundred thousands digit of 51513801?
5
What is the tens digit of 54182112?
1
What is the millions digit of 39391994?
9
What is the hundreds digit of 569161264?
2
What is the millions digit of 358463028?
8
What is the ten millions digit of 337950399?
3
What is the tens digit of 79129267?
6
What is the ten thousands digit of 33844542?
4
What is the millions digit of 148708269?
8
What is the hundreds digit of 3683085736?
7
What is the thousands digit of 41845629?
5
What is the ten thousands digit of 547639048?
3
What is the tens digit of 17737030?
3
What is the hundred millions digit of 182208017?
1
What is the millions digit of 150017235?
0
What is the ten thousands digit of 981577257?
7
What is the ten thousands digit of 2048962335?
6
What is the millions digit of 70213341?
0
What is the hundreds digit of 49825979?
9
What is the hundred thousands digit of 174415466?
4
What is the ten thousands digit of 13965758?
6
What is the ten thousands digit of 134077717?
7
What is the hundreds digit of 82632585?
5
What is the ten millions digit of 329766386?
2
What is the units digit of 121668678?
8
What is the hundreds digit of 86826799?
7
What is the thousands digit of 886673275?
3
What is the ten millions digit of 101858078?
0
What is the hundred thousands digit of 1769493667?
4
What is the ten millions digit of 96192599?
9
What is the thousands digit of 2643854055?
4
What is the tens digit of 1763214927?
2
What is the units digit of 525047712?
2
What is the hundred millions digit of 201178191?
2
What is the millions digit of 220693335?
0
What is the millions digit of 832071514?
2
What is the hundred thousands digit of 57359268?
3
What is the tens digit of 1210717694?
9
What is the thousands digit of 284055814?
5
What is the hundred thousands digit of 35127414?
1
What is the thousands digit of 239381042?
1
What is the millions digit of 510113552?
0
What is the hundred millions digit of 241878972?
2
What is the ten thousands digit of 60527356?
2
What is the units digit of 51019203?
3
What is the ten thousands digit of 805220750?
2
What is the hundred thousands digit of 1194800253?
8
What is the ten millions digit of 1647149657?
4
What is the thousands digit of 548256140?
6
What is the hundred millions digit of 538617076?
5
What is the units digit of 18646873?
3
What is the hundreds digit of 70256685?
6
What is the hundred thousands digit of 509571830?
5
What is the thousands digit of 1573389740?
9
What is the millions digit of 5107360454?
7
What is the ten thousands digit of 1537205103?
0
What is the ten thousands digit of 34684027?
8
What is the tens digit of 65475357?
5
What is the millions digit of 73145824?
3
What is the hundreds digit of 23186441?
4
What is the millions digit of 812148887?
2
What is the millions digit of 349218111?
9
What is the hundreds digit of 68062870?
8
What is the ten thousands digit of 162734501?
3
What is the millions digit of 152654816?
2
What is the thousands digit of 125876830?
6
What is the hundreds digit of 395291829?
8
What is the hundred millions digit of 159510189?
1
What is the millions digit of 85100877?
5
What is the hundred millions digit of 257870428?
2
What is the ten millions digit of 334149692?
3
What is the units digit of 25628876?
6
What is the ten thousands digit of 149968041?
6
What is the units digit of 52305011?
1
What is the hundred thousands digit of 21934504?
9
What is the ten millions digit of 114494835?
1
What is the millions digit of 150485380?
0
What is the hundred millions digit of 399918416?
3
What is the hundreds digit of 82303010?
0
What is the hundred thousands digit of 771947727?
9
What is the thousands digit of 11808150?
8
What is the hundred thousands digit of 1102931646?
9
What is the ten millions digit of 94207942?
9
What is the millions digit of 221383320?
1
What is the thousands digit of 491237382?
7
What is the millions digit of 65921568?
5
What is the tens digit of 1080402807?
0
What is the millions digit of 262827591?
2
What is the hundred millions digit of 695271282?
6
What is the thousands digit of 663725430?
5
What is the hundred millions digit of 537020617?
5
What is the thousands digit of 247931033?
1
What is the units digit of 4210081212?
2
What is the ten millions digit of 74427663?
7
What is the ten millions digit of 293195496?
9
What is the ten millions digit of 20380842?
2
What is the hundred millions digit of 1272083589?
2
What is the billions digit of 1369089698?
1
What is the millions digit of 85831149?
5
What is the hundreds digit of 67845468?
4
What is the hundred thousands digit of 4531680034?
6
What is the tens digit of 14131348?
4
What is the hundred thousands digit of 3101629779?
6
What is the hundreds digit of 29408230?
2
What is the billions digit of 8670183840?
8
What is the millions digit of 54906153?
4
What is the hundreds digit of 169015808?
8
What is the millions digit of 48198936?
8
What is the thousands digit of 150895016?
5
What is the ten millions digit of 32353932?
3
What is the hundred thousands digit of 768148781?
1
What is the ten millions digit of 1023094735?
2
What is the ten thousands digit of 376576494?
7
What is the hundred millions digit of 1383685698?
3
What is the thousands digit of 1331434776?
4
What is the hundred thousands digit of 1474348565?
3
What is the tens digit of 2287992773?
7
What is the hundreds digit of 311017126?
1
What is the ten millions digit of 3389337019?
8
What is the ten millions digit of 415611673?
1
What is the millions digit of 814197948?
4
What is the millions digit of 784445331?
4
What is the units digit of 409549604?
4
What is the thousands digit of 3122046405?
6
What is the ten millions di